s -3 + 4310248?
4310245
In base 3, what is -120 - -211212012121?
211212012001
In base 11, what is -69 + -14441a1?
-144425a
In base 9, what is 306715485 + 2?
306715487
In base 2, what is -10000 - -11111101011001101001?
11111101011001011001
In base 4, what is -12122303113 - -2230?
-12122300223
In base 7, what is -3414355 - 2?
-3414360
In base 12, what is 20 - 2bb76b?
-2bb74b
In base 2, what is -1101011001100000000100001 - 0?
-1101011001100000000100001
In base 15, what is -7ed859 - 1?
-7ed85a
In base 11, what is 16382347 - -28?
16382374
In base 2, what is 111011101110010110110110 - -10?
111011101110010110111000
In base 13, what is -22 - -3c22c?
3c20a
In base 16, what is ae6 + -3d6?
710
In base 9, what is -4574 + -4245?
-8830
In base 11, what is 62a5117 + -23?
62a50a4
In base 6, what is -30250011010 + -5?
-30250011015
In base 15, what is -3012 - 484a?
-785c
In base 12, what is -58b2252 - 9?
-58b225b
In base 14, what is 17 - -3c91b?
3c934
In base 7, what is 0 + -13164314?
-13164314
In base 13, what is 75 + 510339?
5103b1
In base 2, what is -1100000000100 + -11001111000110?
-100101111001010
In base 16, what is d3a827 + -3?
d3a824
In base 8, what is -27257147 + 3?
-27257144
In base 5, what is -11 - 33140031133?
-33140031144
In base 4, what is -1131023122 - 23012?
-1131112200
In base 16, what is 506d7 + -d9?
505fe
In base 15, what is 3 + -2c4495?
-2c4492
In base 13, what is -29ab9 - 120?
-29c09
In base 2, what is 100010101110000001101001100 - 10?
100010101110000001101001010
In base 9, what is 67463 - 627?
66735
In base 9, what is 3 - -67737402?
67737405
In base 4, what is 2101 + 11213323330?
11213332031
In base 14, what is -39 - -104783?
104748
In base 5, what is 30 - 132220020312?
-132220020232
In base 8, what is -350526 - -304?
-350222
In base 14, what is -864 + 7048?
65c4
In base 3, what is -11112001120122 - -21?
-11112001120101
In base 5, what is -13101 - 314141?
-332242
In base 2, what is -10000000100010110010 - 1001?
-10000000100010111011
In base 10, what is -2 - 126076949?
-126076951
In base 16, what is 6cd3 + d89?
7a5c
In base 2, what is 11000110001 + -111000010011?
-11111100010
In base 9, what is -567868 - 110?
-568078
In base 8, what is -2773700 - -6?
-2773672
In base 15, what is 5 - 102db54?
-102db4e
In base 13, what is -1251c + -69a?
-12bb9
In base 12, what is 346aa8 - -42?
346b2a
In base 15, what is 4d60 + 3?
4d63
In base 7, what is -212144614 - 3?
-212144620
In base 16, what is -a6f1 - -1664?
-908d
In base 7, what is 246360 - 126?
246231
In base 8, what is -231 - -65667?
65436
In base 14, what is 3 - -32402?
32405
In base 5, what is 102 - -112203044?
112203201
In base 11, what is 33104 + 189?
33292
In base 2, what is -1001000000110110000010 + 1001000?
-1001000000110100111010
In base 3, what is -2221110011110 + -101?
-2221110011211
In base 14, what is -2ad2 + -21?
-2b13
In base 6, what is 241 - 2321045?
-2320404
In base 13, what is -11 + 86610?
865cc
In base 11, what is -30 - -2430846?
2430816
In base 7, what is -5 + 440402345?
440402340
In base 8, what is 110757147 - -47?
110757216
In base 5, what is 4130102 + 142?
4130244
In base 9, what is -3 - -322418?
322415
In base 14, what is b + -34c3424?
-34c3417
In base 14, what is -568d9c + -7?
-568da5
In base 11, what is 337139 + -109?
337030
In base 11, what is 2634430 - 2?
2634429
In base 10, what is -3 - 11358198?
-11358201
In base 9, what is 2 + 34541145?
34541147
In base 3, what is 21111 + 1020112120011?
1020112211122
In base 3, what is -21220 - -2012011122?
2011212202
In base 6, what is 0 - 4522003?
-4522003
In base 15, what is 1415b + 2b?
14187
In base 15, what is 561 + -3db0?
-384e
In base 4, what is 10332221313 - 13223?
10332202030
In base 14, what is -48a22c + 120?
-48a10c
In base 11, what is 4 - 2910561?
-2910558
In base 8, what is 37516111 + -2?
37516107
In base 9, what is 181116 - -18?
181135
In base 11, what is 14aa87 + -61?
14aa26
In base 5, what is -134304113314 - 4?
-134304113323
In base 14, what is 4 - 15b603?
-15b5dd
In base 12, what is -1018050 + -10?
-1018060
In base 4, what is 121313022 - 31?
121312331
In base 6, what is 20 - -1245031421?
1245031441
In base 6, what is 154111302 - -154?
154111500
In base 5, what is -332234201 + 3?
-332234143
In base 11, what is 3 + -817958a?
-8179587
In base 9, what is -16466617 + -5?
-16466623
In base 10, what is 0 - 5611878?
-5611878
In base 15, what is a + -747db?
-747d1
In base 2, what is -110111111 + -100101010010110110?
-100101011001110101
In base 13, what is -403a + -1625?
-5662
In base 12, what is 10114 + 32b?
10443
In base 4, what is -12 - 2331202032331?
-2331202033003
In base 7, what is -2315 + -103030?
-105345
In base 6, what is -322503 - 4303?
-331210
In base 5, what is 113342314 + -101?
113342213
In base 2, what is 1111110010001 - -100101111111101?
110101110001110
In base 7, what is -413111206 + 2?
-413111204
In base 11, what is 1 + 6075673?
6075674
In base 7, what is -105463 - -3045?
-102415
In base 9, what is 4 - 568138468?
-568138464
In base 2, what is -101100111010011001110011 + 100?
-101100111010011001101111
In base 2, what is -1001111011111101110 + 10110?
-1001111011111011000
In base 4, what is -1231210012300 - -2?
-1231210012232
In base 3, what is 11012012000201111 + 122?
11012012000202010
In base 9, what is -14223 + 34142?
18818
In base 12, what is 2aa012 + a8?
2aa0ba
In base 11, what is 25 - a1993?
-a1969
In base 9, what is -85754700 + 3?
-85754686
In base 14, what is -478 - 7402?
-787a
In base 5, what is -11233343 - 204?
-11234102
In base 7, what is -203134042 + 0?
-203134042
In base 13, what is 28 - 310aca?
-310aa2
In base 14, what is 34db5 + -848?
3456b
In base 15, what is 548 + 2663d?
26b86
In base 14, what is -272646 + 6?
-272640
In base 6, what is -244435 - 53?
-244532
In base 12, what is 136b64 - 73?
136ab1
In base 16, what is 1 + 2b4f54?
2b4f55
In base 4, what is -111331020 + 123?
-111330231
In base 9, what is 1706484 + -35?
1706448
In base 7, what is 6 - -11550643?
11550652
In base 3, what is -1 - -10102210221002121?
10102210221002120
In base 12, what is -94ab - -8a?
-9421
In base 13, what is 2c4 + -3c62?
-396b
In base 14, what is -1 - -658471b?
658471a
In base 9, what is -48 - 4266210?
-4266258
In base 15, what is 85 + 8b9?
94e
In base 6, what is 13023303 - 1242?
13022021
In base 10, what is 159407 - -115?
159522
In base 13, what is 9a - 36bab?
-36b11
In base 6, what is -1 + -23454102?
-23454103
In base 9, what is 182 - 2052771?
-2052578
In base 3, what is 2002211 + 10222122221?
11001202202
In base 15, what is -99 - -bb20a1?
bb2007
In base 12, what is -5791229 + -4?
-5791231
In base 3, what is -11120011011 + 120?
-11120010121
In base 14, what is -22 + 818c9?
818a7
In base 11, what is -19539 - -613?
-18a26
In base 9, what is -66337604 + -5?
-66337610
In base 13, what is 4393b3 - -4?
4393b7
In base 12, what is 1026923 + -4?
102691b
In base 2, what is 11110010011110000 - 1010111?
11110010010011001
In base 15, what is -457 + -35b0?
-3a17
In base 10, what is -215681 - -98?
-215583
In base 12, what is -183638 - -49?
-1835ab
In base 11, what is 413 + -1645a?
-16047
In base 6, what is -401153 + 1011?
-400142
In base 5, what is 24 - 3430412441?
-3430412412
In base 13, what is -107 - 5b703?
-5b80a
In base 10, what is -1 + 3611622?
3611621
In base 6, what is 1 - -1000155224?
1000155225
In base 2, what is 10110001101110011 - 10011110?
10110001011010101
In base 9, what is -163 - 66647?
-66821
In base 6, what is -142 + -1420520?
-1421102
In base 15, what is 114 + -a2c6?
-a1b2
In base 2, what is 1000011001010110111111 + 1010?
1000011001010111001001
In base 8, what is -425 + 1023247?
1022622
In base 5, what is 102120400 - -100?
102121000
In base 5, what is -410024212 + -3?
-410024220
In base 7, what is 106 - -23604411?
23604520
In base 16, what is -4 - 12a92212?
-12a92216
In base 7, what is -1536 - 23465?
-25334
In base 3, what is -2100220010101 - -2?
-2100220010022
In base 14, what is 5c6 - -42674?
42c5a
In base 7, what is 1563304 - 452?
1562522
In base 2, what is -1100010 - 1010010001100?
-1010011101110
In base 8, what is 31753573 - 1?
31753572
In base 7, what is -12525 - -55313?
42455
In base 8, what is 0 - -36132601?
36132601
In base 12, what is -39b7380b1 - 4?
-39b7380b5
In base 10, what is 1014439543 - 3?
1014439